-d*q. Suppose -4*m - 3*l + q = -16, -m - 4*l = -11. What are the prime factors of m?
3
Let r = -1259 + 2000. Let w = r + -358. List the prime factors of w.
383
List the prime factors of 278096/50 - (-48)/600.
2, 3, 103
Let m = 12346 + 60. What are the prime factors of m?
2, 6203
Let c = 16089 - -9041. List the prime factors of c.
2, 5, 7, 359
Let z(f) = 45 - 38*f - 15*f + 7*f - 36*f. List the prime factors of z(-5).
5, 7, 13
Suppose 0 = 602*s - 2754212 - 25138254. What are the prime factors of s?
7, 6619
Let g = -1 - -5. Let x(s) = -s**2 + 5*s - 1. Let t be x(g). What are the prime factors of (2 + t/(-4)*2)*62?
31
Suppose 2 = -2*q - 3*r - 13, -5*r = -3*q - 13. List the prime factors of q*(-7 - -6) - -414.
2, 3, 5, 7
Let o be -1*(-8)/(-44) - (-180)/22. Suppose 0 = 19*h - 15*h - o. Suppose -2*u + 353 = -5*x, 4*x + 384 = h*u + 36. List the prime factors of u.
2, 41
Let f(g) = g**3 - g**2 - g + 6. Let b be f(0). Suppose -b*o + 4*o - 4*x = -214, o = 2*x + 103. What are the prime factors of o?
3, 5, 7
Let k = 185 - 584. Let i = k + 410. What are the prime factors of i?
11
Suppose 6*n - 20 = 16. Suppose 17*z - 14*z + n = 0. What are the prime factors of (42/5)/((-6)/(-20)) - z?
2, 3, 5
Suppose 4*c - 34518 = -2*d, d - 5*c = 23218 - 5994. What are the prime factors of d?
47, 367
Suppose -4*q - 2*o + 2 = 0, -4*q + 3*o - 2*o + 11 = 0. Let x be (-18735)/(-35) + 4 + q/(-7). Suppose -x = -10*w - w. What are the prime factors of w?
7
Suppose 50*h + 82*h = -14*h - 13286. Suppose 0 = u + 50 + 10. Let q = u - h. List the prime factors of q.
31
Suppose 0 = 138*x - 145*x + 490. Let v(q) = q**2 - q. Let b be v(-2). Let d = x - b. What are the prime factors of d?
2
Let t = -211 + 469. Suppose -5*o + n + 107 + 34 = 0, -2*n - 79 = -3*o. Suppose 7*p - t = o. What are the prime factors of p?
41
Suppose -169 + 199 = -5*g. List the prime factors of (-903)/g*(-48)/(-84).
2, 43
Let z(t) = -43 - 40*t**2 - 10*t + 15 + 9 + 149*t**2 + 4. What are the prime factors of z(-3)?
2, 3, 83
Let q(d) = 61*d - 174. Let l(s) = -20*s + 58. Let t(v) = -17*l(v) - 6*q(v). List the prime factors of t(-12).
2, 5, 37
Suppose h = 3*h + 130. Suppose -l = -5*i + 430, l - 372 + 106 = -3*i. Let y = i + h. What are the prime factors of y?
2, 11
Suppose -36158 = -11*o + 98229. List the prime factors of o.
19, 643
Suppose 4*u + 19*u - 24*u = -9003. What are the prime factors of u?
3, 3001
Suppose 779 = 7*c + 198. Suppose -5*u + 38 = 2*j + j, 4*j - 4 = 5*u. Suppose c - 509 = -j*i. What are the prime factors of i?
71
Let x be (-3794)/(-10) - 24/(-40). Suppose -5096 = 2*k - x. What are the prime factors of k/(-30) + (-4)/(-10)?
79
Let f(d) = 64*d**2 + 5*d + 194. What are the prime factors of f(-10)?
2, 409
Let l(s) = 4*s**2 - 44*s + 291. Let f = -285 - -307. List the prime factors of l(f).
1259
Let g(z) = -86*z**3 - z - 4. Let s(x) = 430*x**3 + 6*x + 21. Let u(t) = -11*g(t) - 2*s(t). Let n be u(2). List the prime factors of (-4 - n/(-12))*3.
2, 5
Let l = 9 + 0. Suppose 3717 = l*n + 810. Suppose 8*f + n = 1371. List the prime factors of f.
131
Suppose -3*h = -37*b + 38*b + 3, 2*h = 5*b - 19. List the prime factors of (b + 2 + -3)/(52/14690).
5, 113
Let n(m) = 2*m**3 + 2*m**2 - 1. Let q be n(1). Suppose q*p - 169 - 383 = 0. What are the prime factors of p?
2, 23
Let d(q) be the third derivative of -q**5/60 - q**4/12 + 54*q**3 + 15*q**2. Let w be d(0). Let c = w + -197. List the prime factors of c.
127
Suppose 0 = 114*w + 91*w - 5078670. List the prime factors of w.
2, 3, 4129
Suppose 0*u + 77 = 7*u. Suppose 3*w + 4*p - 3*p = u, -3 = -4*w + p. List the prime factors of ((10 - w)/2)/((-10)/(-25)).
2, 5
Suppose 2*z - m - 7 = -2*m, -3*z + 21 = -2*m. Suppose 14*n - 3*n = 1716. Suppose 0 = -b - z*d + n, -2*b + 120 = -b - 4*d. List the prime factors of b.
2, 17
Let b = -47 + 51. Suppose 2*f + 0*r + b*r = -2, -f + 8 = -r. Suppose 4*c - w - 72 = 32, 0 = -f*c - w + 139. What are the prime factors of c?
3
Let h = -9651 + 29724. What are the prime factors of h?
3, 6691
Suppose 0 = 28*w - 26*w. Let p(i) = i**3 + 2*i + 61. Let f be p(w). Suppose 0*s - 4*s = -q + f, 3*s + 6 = 0. What are the prime factors of q?
53
Let v = 1777 - -1641. List the prime factors of v.
2, 1709
Suppose 31*p = 329*p + 1294269 - 16626369. List the prime factors of p.
2, 3, 5, 7
Let b = -1199 + 4266. Suppose 1658 + b = 5*r. What are the prime factors of 3/(-24) + r/8?
2, 59
Suppose 2*b + 2*i = 10256, 13*i = -8*b + 16*i + 41101. What are the prime factors of b?
5, 13, 79
Suppose 38*u - 11372 = 30162. Let m = u + -747. List the prime factors of m.
2, 173
Let z = 101 + -114. Let i be z/(-2) + -3*5/10. Suppose 122 = 2*r - i*g, -r + 6*g + 64 = 2*g. List the prime factors of r.
2, 7
Suppose -60*t + 84882 = -57*t + l, t - 28266 = -5*l. What are the prime factors of t?
2, 3, 131
Let o be ((-15)/6)/((-3)/6). Suppose o + 5 = -x + 2*r, 3*x - 5 = -r. Suppose -3*v + 129 = -x. What are the prime factors of v?
43
Suppose 2*u + 3*d - 7394 = 0, -4*u - d + 3412 = -11356. List the prime factors of u.
3691
Suppose 49*n - 664138 = 749610. List the prime factors of n.
2, 7213
Suppose 3*q + 5*l = 18025, 0 = 4*q + 3*l - 4*l - 23995. List the prime factors of q.
2, 3, 5
Let l = -52 + 56. Let i(q) = 2 + l - 30*q + 14. List the prime factors of i(-7).
2, 5, 23
Let k(x) = -x**3 + 5*x**2 + 6*x - 5. Let v be k(5). Let u be ((2/5)/1)/(10/v). What are the prime factors of (-4)/u - (0 - 111)?
107
Suppose -2629*t = -2618*t - 30668. List the prime factors of t.
2, 17, 41
Suppose 29 = -4*r + 37. Let q(p) = 124*p**2 - 3*p + 8. Let d be q(r). Suppose 5*n + 3*a - d = 0, -5*a + 29 + 75 = n. What are the prime factors of n?
3, 11
Suppose 0 = 3*u - v - 17, -5*v = -u - 4*v + 7. Suppose u*j + 2*i - 473 = 0, 3*i + 409 = 4*j + 26. Let c = j - 88. List the prime factors of c.
7
Let b = 73778 + -42108. List the prime factors of b.
2, 5, 3167
Suppose 12*w = 3*w - 2853. Let h = 660 + w. List the prime factors of h.
7
Let g(l) = -l**2 + 9*l - 18. Let a be g(4). Suppose 2*y = -a*u + 616, -3*u - 2*y + 929 = -0*u. List the prime factors of u.
313
Suppose -k - 1470 = 297*y - 299*y, -4*y + 3*k + 2938 = 0. Suppose 4*c + 0*i + 3*i - 51 = 0, -4*i + 16 = c. What are the prime factors of (-20)/c - y/(-6)?
11
Let g(b) = -79*b - 3. Let v be g(-2). Let t = -42 + v. What are the prime factors of t?
113
Let o be (-50)/20*8/(-10). Let u(k) = -55*k - 8. Let v(a) = 55*a + 9. Let l(q) = 3*u(q) + 4*v(q). What are the prime factors of l(o)?
2, 61
Let d be (40/14)/(7/((-147)/(-2))). Suppose -824 = -32*n + d*n. List the prime factors of n.
2, 103
Let w(b) = b**3 - 15*b**2 + b + 5. Let r = 62 + -47. Let s be w(r). What are the prime factors of -5*(0 - 436/s)?
109
Let c(z) = 5*z - 5 - 2 - 4. Let t(j) = j**2 - 54. Let m be t(-8). List the prime factors of c(m).
3, 13
List the prime factors of (-41682 + (-27)/(-36)*-4 + -2)/(-1).
41687
List the prime factors of 3 + (58/(-5) - -8) - (-69474)/15.
11, 421
Let b(h) = h + 10. Let u be b(-9). Let a be 14 + -1 + u + 2. Suppose 0 = 19*w - a*w - 108. What are the prime factors of w?
2, 3
Let h(p) = 2*p - 19. Let z be h(12). Let v(i) = -2*i + 7. Let x be v(z). List the prime factors of 18*(-28)/(-8) - x.
2, 3, 11
Let f(u) = 16*u + 1. Let m(r) = 18*r + 2. Let i(s) = -5*f(s) + 4*m(s). Suppose -3*k = -4*p - 2*k - 61, 2*k - 42 = 3*p. What are the prime factors of i(p)?
131
Let h = -109 + 157. Suppose 4*c - h = -b, -b - 3*b = 5*c - 60. List the prime factors of 56 + (-2)/3*c/(-8).
3, 19
List the prime factors of 10 + 0 + -26 + 1918.
2, 3, 317
Suppose 0 = 3*g - 5*n - 941, -20*g - 3*n + 1245 = -16*g. What are the prime factors of 2/(-13) - (-47784)/g?
3, 17
Let p = -9053 - -19887. List the prime factors of p.
2, 5417
Let v = 119 - 112. Let b(t) = 3*t - 5. Let d be b(v). Suppose -d*f - 204 = -19*f. List the prime factors of f.
2, 17
Let n = 59 - 146. Let o = n - -279. List the prime factors of o.
2, 3
Let h(f) = -5*f**2 - 14*f + 26. Let l be h(7). Let i = l - -475. What are the prime factors of i?
2, 79
Suppose 3*n = -2*y + 16, -8*y = -9*y - 4. Suppose n*t - 6*t = 4. What are the prime factors of 5/t - 1054/(-68)?
2, 3
Let o(c) = -1663*c**3 + 4*c**2 + 2. Let m(q) = 1661*q**3 - 5*q**2 - 3. Let b(x) = 4*m(x) + 5*o(x). List the prime factors of b(-1).
1669
Let f(p) = p**3 - 2*p**2 + 9*p - 